*a = a - 15, t*o - 11 = -a. Suppose 2*y + 0*y + 2*i - 2 = 0, -12 = o*i. What are the prime factors of y?
5
Suppose -74 = -5*z + 106. List the prime factors of z.
2, 3
Let i be 8/(5/((-15)/(-6))). Suppose -11 = 3*r + i. Let c = 10 + r. List the prime factors of c.
5
Let p(y) = -60*y. What are the prime factors of p(-1)?
2, 3, 5
Suppose -3*k = -5*k - 2*d + 324, -2*d = -2*k + 304. List the prime factors of k.
157
Let m = -20 - -12. Let j = m + 13. List the prime factors of j.
5
What are the prime factors of (-6)/(-15)*(-8 + 78)?
2, 7
Suppose 5*j = j + 64. Suppose -2*v = -j - 8. What are the prime factors of v?
2, 3
What are the prime factors of -5 + 3 - (-214 - -3)?
11, 19
Let a(c) = 3*c**2 - 5*c - 32. What are the prime factors of a(-8)?
2, 5
Let l(z) = z - 5. Let t be l(5). Let n(j) be the third derivative of j**5/60 + j**4/24 + j**3/3 - j**2. List the prime factors of n(t).
2
Let y = -4 + 6. Let i(r) = -4*r + 7*r**2 + r**2 - 5*r**2 + 5*r - 2. What are the prime factors of i(y)?
2, 3
Let p be ((-1)/(-4))/((-5)/(-40)). Suppose -p*j + 48 = j. List the prime factors of j.
2
Let x(r) be the second derivative of r**4/3 + r. Let o be x(2). Suppose 4*p - 16 - o = 0. What are the prime factors of p?
2
Let x be (0 + 0)/(-2 + 0). Suppose -4*s - 2*b + x*b + 46 = 0, 85 = 5*s - 3*b. Suppose -19 = -3*q + s. What are the prime factors of q?
11
Let y be 1*(-2 + 1) - -2. Suppose 31 = 4*r - y. Suppose 8 = 2*m - r. What are the prime factors of m?
2
Let m(p) = -4*p - 22. List the prime factors of m(-13).
2, 3, 5
Let f(z) = -3*z**3 - 2*z + 4. Let l be f(-3). Suppose l = 4*j - 57. List the prime factors of j.
37
Let c(n) = n**3 - 2*n**2 + 1. Let f be c(3). Let q = 3 + f. What are the prime factors of q?
13
Let g(f) = 14 - 11 - 15 - f + 3*f. List the prime factors of g(7).
2
Let j = -12 + 12. Suppose j = g - 5 + 2. List the prime factors of g.
3
Suppose 16 = 2*f + 2*f. Suppose f*z - 6 = 2. Suppose 4*s = -4*y + 64, 0*y + s = -z*y + 32. List the prime factors of y.
2
Let r(k) = 0*k - 4*k - 2 - 4 - k. What are the prime factors of r(-4)?
2, 7
Let l = 1 - -3. Suppose 17 - 1 = l*j. Suppose -j*c - 7 = -3*r, c - 6 = -2*r + 3*c. What are the prime factors of r?
5
What are the prime factors of 147/14*(-40)/(-3)?
2, 5, 7
Suppose 12 = 2*r - 36. What are the prime factors of r?
2, 3
Suppose -5*q - 97 = -3*m + m, -4*q = m - 16. What are the prime factors of m?
2, 3
Suppose 2*r + 402 = 4*k, -r + 83 = k - 13. Suppose -k = -3*p - 15. What are the prime factors of p?
2, 7
Suppose 5*h - 19 = -d, 5*d + 31 + 4 = h. Let z(p) = -3*p - 8. Let k be z(d). Suppose 0 = 4*g - 5*b - 45, -g + 0*b = -b - k. List the prime factors of g.
5
Suppose -2*b + 42 = -0*b. List the prime factors of b.
3, 7
Let d(l) = l**2 - 8*l + 4. Let t be d(6). Let w be ((-6)/t)/((-1)/4). What are the prime factors of w/(2/(4/(-3)))?
2
Let q(a) = -a**2 - 3*a + 8. Let h(m) = 4*m**2 + 13*m - 32. Let g = -13 - -22. Let k(d) = g*q(d) + 2*h(d). What are the prime factors of k(0)?
2
Let u(f) = 9*f + 10 + f**3 + 4 - 4 + 0*f - 8*f**2. What are the prime factors of u(7)?
2, 3
Suppose -11 = 4*f - 5*f. What are the prime factors of f?
11
Let p = 24 - -17. Suppose -4*j + 0*a + 59 = a, -3*j = 4*a - p. What are the prime factors of j?
3, 5
Suppose 0 = 3*k - 6. Suppose 23 + 4 = 4*u + 5*i, 3*u = -k*i + 15. What are the prime factors of u?
3
Let q(a) = 2*a**2 - 11*a + 9. Let c be q(7). Let y be -1*5/4*-4. Suppose -s = -2*r - 0 - 10, y*r + c = 3*s. List the prime factors of s.
2, 5
Let f(k) = -k + 16. What are the prime factors of f(14)?
2
Let z = 4 + -3. Let j(v) = 13*v**3 - v**2. What are the prime factors of j(z)?
2, 3
Let o = -18 - -19. List the prime factors of 5/(-20)*-12*o.
3
Suppose -14 = 4*y - 94. What are the prime factors of y?
2, 5
Let f = -19 + 230. List the prime factors of f.
211
Let a = -25 + -15. List the prime factors of (14/(-8))/(2/a).
5, 7
Suppose 0 = -r - 5 + 10. Suppose -3*i + 24 = r*g, -5*i + g = -0*g - 68. What are the prime factors of i?
13
Let f be 10/6 + (-6)/9. Let n(i) = 10*i**2 + 2*i - 1. List the prime factors of n(f).
11
Let j = 23 - 19. What are the prime factors of j?
2
Let u(c) = 2*c**2 + c. Let l = 9 + -10. Let o be u(l). Suppose d - 5*y + o = -0, 0 = d - 2*y - 8. What are the prime factors of d?
2, 7
Suppose 0 = -4*t + 2*t + 30. List the prime factors of t.
3, 5
Let b be (1 + -4)/(-3)*-2. Let q be 9/3 - (-2)/b. Suppose q*y = y + 18. What are the prime factors of y?
2, 3
Suppose 2*u + 6 = 0, -13 = -2*c - 0*c + 3*u. Suppose 69 = 3*f + z - 66, 0 = z. Suppose c*t - f = -3*t. List the prime factors of t.
3
Let k(r) = 2*r**2 - 2*r - 2. Let z be k(2). Suppose 3*s + 28 = 4*u, z*u - 20 = -0*u + 3*s. List the prime factors of u.
2
Let r = 10 - 2. Suppose r = -4*y, -z + 2*y = -5*z + 364. What are the prime factors of 4/(-14) + z/28?
3
Let q be 946/10 - 3/5. Suppose 2*p - 2*j - 46 - 16 = 0, 2*j - q = -4*p. What are the prime factors of p?
2, 13
Suppose g = 2*v - 84, -v - v - 4*g = -74. What are the prime factors of v?
41
What are the prime factors of 6/21 - (4240/(-14))/4?
2, 19
Suppose -4*x - 4 = -20. Let w = 6 - x. Suppose -4*t - 16 = -3*m, -2*m - 3*t = -w*t - 7. List the prime factors of m.
2
Suppose 4*o - o - 225 = 0. What are the prime factors of o?
3, 5
Suppose 39 - 9 = 5*f. Let l be f/(14/(-4) + 2). What are the prime factors of 7*(144/(-21))/l?
2, 3
Let h(b) = 0*b**3 + 2*b**3 - b**3. Let g(n) = 5*n**3 + 8*n**2 - n + 1. Let d(a) = g(a) - 4*h(a). List the prime factors of d(-8).
3
Suppose -2*v + 180 = -322. What are the prime factors of v?
251
What are the prime factors of 1 - (-1302)/28*(5 - 1)?
11, 17
Suppose -4*i - 3*p = -0*p - 122, 3*p = 5*i - 166. List the prime factors of i.
2
Let o be ((-6)/(-4))/(1/2). Suppose o = -0*a + a. What are the prime factors of a?
3
Let w = 0 + 18. Let g = 17 + w. List the prime factors of g.
5, 7
Suppose 2*f - 2*v = 20, -f = 4*f + 5*v - 60. What are the prime factors of f?
11
Let c = 23 + -30. Suppose 0 = -3*u + 2*u - 11. Let i = c - u. What are the prime factors of i?
2
Suppose -d - 400 = -5*d. Suppose 2*w - d = -3*w. List the prime factors of w.
2, 5
Let y be 1/(-2) + (-4)/8. Let k = -6 + 8. List the prime factors of k + (1 - y - 0).
2
Suppose 3*k = 8 + 7. Suppose k*b - 180 = -0*b. List the prime factors of b.
2, 3
Let c(a) = -9*a - 1. Let j be c(4). Let n = -16 - j. What are the prime factors of n?
3, 7
Suppose -5*o - 3*p + 2*p = 43, -5*o + 2*p = 49. Let l = o + 24. List the prime factors of l.
3, 5
Let k = -5 - -7. Suppose -12 + 0 = -k*j. What are the prime factors of j?
2, 3
Suppose 0 = 9*j + j - 1280. What are the prime factors of j?
2
Let h be (1 - 1) + 1 + -13. Let g = 36 - 15. Let d = g + h. List the prime factors of d.
3
Let q(y) = y**2 - 1. Let a = 0 - 2. What are the prime factors of q(a)?
3
Let x = 6 - -27. List the prime factors of x.
3, 11
Suppose -4*k - 2*d = 182, -222 = 5*k - 0*k - 3*d. Let f = 68 + k. List the prime factors of f.
23
Suppose 1 = u - 2. Suppose u*x + x = 20. List the prime factors of x.
5
Suppose 3*j = 164 - 29. List the prime factors of 2350/j + 2/(-9).
2, 13
Suppose -5*n + 1105 = -0*d + d, 0 = -2*n + d + 449. What are the prime factors of n?
2, 3, 37
Suppose -t - 3 = -2*t. Suppose 5*w = -t*n + 20, 5*n = 4*w - 4 + 25. List the prime factors of n.
5
What are the prime factors of (-18)/5*-3*(-60)/(-9)?
2, 3
Suppose 4*g = -3*k - 0 - 29, 3*g - k + 25 = 0. What are the prime factors of ((-26)/8)/(1/g)?
2, 13
Suppose a + 82 = 2*a - 4*k, 4*a - 4*k = 352. Suppose -7*c = -2*c - a. List the prime factors of c.
2, 3
Let k be (2/(-3))/(6/9). Let o(t) be the first derivative of -t**4 - 2*t**3/3 + t - 5. What are the prime factors of o(k)?
3
Let c(d) = -d**3 + 9*d**2 - 6*d. List the prime factors of c(7).
2, 7
Suppose -3*o - 84 = -5*o. List the prime factors of o.
2, 3, 7
Suppose -7*a - 96 = -8*a. Suppose -94 = -4*q + 5*t + 14, -a = -4*q + 2*t. What are the prime factors of q?
2, 11
Let w(j) = -3*j - 6. Let i(k) = -k**2 + 4*k - 2. Let o be i(5). Let s be w(o). Let b = 22 - s. What are the prime factors of b?
7
Suppose 3*y - 72 - 42 = -4*x, -4*x = -2*y + 96. What are the prime factors of y?
2, 3, 7
Suppose 0 = -3*f + 21 - 3. Suppose 0 = -u + 2*k + 8, 3*k - 3 = -2*u + f. List the prime factors of u.
2, 3
Let u(f) = -f**3 - 7*f**2 + 9*f + 8. Let p be